ime factors of 131391?
3, 13, 1123
What are the prime factors of 6686?
2, 3343
What are the prime factors of 8835192?
2, 3, 277, 443
List the prime factors of 10778545.
5, 31, 69539
What are the prime factors of 10044963?
3, 1116107
What are the prime factors of 2335995?
3, 5, 23, 37, 61
List the prime factors of 923978.
2, 11, 41999
List the prime factors of 5193744.
2, 3, 108203
List the prime factors of 2175363.
3, 23, 31, 113
What are the prime factors of 547406?
2, 191, 1433
List the prime factors of 3588167.
11, 137, 2381
List the prime factors of 801066.
2, 3, 7, 19073
List the prime factors of 247630.
2, 5, 24763
What are the prime factors of 12338470?
2, 5, 61, 113, 179
List the prime factors of 9966417.
3, 3322139
List the prime factors of 20144455.
5, 4028891
List the prime factors of 1019163.
3, 383, 887
List the prime factors of 2912799.
3, 479, 2027
What are the prime factors of 11072887?
7, 43, 36787
What are the prime factors of 20001?
3, 59, 113
What are the prime factors of 652567?
652567
List the prime factors of 13024789.
107, 121727
List the prime factors of 415517.
415517
What are the prime factors of 5945074?
2, 2972537
What are the prime factors of 226660?
2, 5, 7, 1619
List the prime factors of 7337948.
2, 17, 31, 59
List the prime factors of 988662.
2, 3, 53, 3109
What are the prime factors of 137246?
2, 163, 421
What are the prime factors of 102205?
5, 20441
List the prime factors of 252938.
2, 7, 29, 89
List the prime factors of 3574401.
3, 307, 3881
What are the prime factors of 121756?
2, 61, 499
What are the prime factors of 1992095?
5, 7, 47, 173
What are the prime factors of 19581677?
31, 631667
What are the prime factors of 476299?
476299
What are the prime factors of 895194?
2, 3, 41, 1213
List the prime factors of 10952107.
10952107
List the prime factors of 20308024.
2, 11, 230773
List the prime factors of 319159.
319159
List the prime factors of 2508104.
2, 23, 43, 317
What are the prime factors of 115452?
2, 3, 1069
What are the prime factors of 208048?
2, 13003
List the prime factors of 15779619.
3, 1753291
What are the prime factors of 488360?
2, 5, 29, 421
What are the prime factors of 52935?
3, 5, 3529
What are the prime factors of 273145?
5, 54629
List the prime factors of 9204395.
5, 17, 108287
What are the prime factors of 168349?
79, 2131
List the prime factors of 314468.
2, 7, 11, 1021
What are the prime factors of 256823?
7, 19, 1931
List the prime factors of 443268.
2, 3, 7, 1759
List the prime factors of 2217112.
2, 373, 743
List the prime factors of 9728237.
1327, 7331
List the prime factors of 17616873.
3, 23, 199, 1283
What are the prime factors of 391356?
2, 3, 7, 1553
What are the prime factors of 705502?
2, 7, 23, 313
List the prime factors of 341671.
11, 89, 349
List the prime factors of 18554715.
3, 5, 43, 223
What are the prime factors of 41168?
2, 31, 83
List the prime factors of 969670.
2, 5, 13, 7459
List the prime factors of 762177.
3, 13, 19543
What are the prime factors of 13455170?
2, 5, 593, 2269
List the prime factors of 725464.
2, 29, 53, 59
What are the prime factors of 97261?
19, 5119
What are the prime factors of 146834?
2, 73417
List the prime factors of 9282231.
3, 7, 251, 587
What are the prime factors of 1885996?
2, 7, 193, 349
What are the prime factors of 1673452?
2, 11, 73, 521
What are the prime factors of 6040935?
3, 5, 134243
What are the prime factors of 1353227?
29, 46663
What are the prime factors of 220643?
17, 12979
List the prime factors of 22816990.
2, 5, 7, 325957
List the prime factors of 8000130.
2, 3, 5, 266671
What are the prime factors of 8032763?
19, 619, 683
What are the prime factors of 709772?
2, 7, 25349
What are the prime factors of 3535?
5, 7, 101
List the prime factors of 1743745.
5, 23, 59, 257
What are the prime factors of 4633931?
4633931
What are the prime factors of 4467181?
4467181
What are the prime factors of 2399604?
2, 3, 199967
List the prime factors of 1786187.
13, 137399
What are the prime factors of 3366715?
5, 11, 41, 1493
What are the prime factors of 14646903?
3, 97, 50333
What are the prime factors of 114139?
157, 727
List the prime factors of 2286840.
2, 3, 5, 17, 19, 59
List the prime factors of 416153.
416153
List the prime factors of 850755.
3, 5, 43, 1319
What are the prime factors of 529893?
3, 7, 13, 647
What are the prime factors of 1056167?
7, 150881
List the prime factors of 1179506.
2, 589753
List the prime factors of 22259238.
2, 3, 3709873
List the prime factors of 3507555.
3, 5, 233837
What are the prime factors of 18048543?
3, 17, 227, 1559
What are the prime factors of 161511?
3, 7, 7691
List the prime factors of 4134868.
2, 383, 2699
What are the prime factors of 4381871?
13, 29, 59, 197
What are the prime factors of 521213?
7, 11, 967
List the prime factors of 1481157.
3, 199, 827
List the prime factors of 2539281.
3, 846427
List the prime factors of 455448.
2, 3, 7, 2711
What are the prime factors of 585798?
2, 3, 89, 1097
List the prime factors of 23019524.
2, 11, 199, 239
List the prime factors of 180774.
2, 3, 11, 83
What are the prime factors of 13749555?
3, 5, 41, 79, 283
List the prime factors of 751208.
2, 93901
What are the prime factors of 11063215?
5, 367, 6029
List the prime factors of 427203.
3, 7, 6781
What are the prime factors of 23777401?
3313, 7177
List the prime factors of 692288.
2, 29, 373
List the prime factors of 10102812.
2, 3, 701, 1201
What are the prime factors of 16703?
16703
What are the prime factors of 71426?
2, 71, 503
List the prime factors of 1131856.
2, 11, 59, 109
What are the prime factors of 590256?
2, 3, 4099
List the prime factors of 286564.
2, 31, 2311
List the prime factors of 139350.
2, 3, 5, 929
List the prime factors of 3448562.
2, 13, 132637
What are the prime factors of 7708122?
2, 3, 47581
List the prime factors of 1075114.
2, 17, 103, 307
List the prime factors of 11547467.
1613, 7159
List the prime factors of 235864.
2, 29483
List the prime factors of 3792377.
17, 41, 5441
What are the prime factors of 2897801?
2897801
What are the prime factors of 26221752?
2, 3, 17, 37, 193
List the prime factors of 10774002.
2, 3, 67, 26801
What are the prime factors of 1485666?
2, 3, 7, 13, 907
What are the prime factors of 1459072?
2, 11399
What are the prime factors of 269665?
5, 11, 4903
List the prime factors of 847309.
847309
List the prime factors of 180692.
2, 199, 227
List the prime factors of 106432.
2, 1663
List the prime factors of 780931.
780931
List the prime factors of 9133051.
2213, 4127
List the prime factors of 582670.
2, 5, 11, 5297
What are the prime factors of 1114169?
7, 159167
List the prime factors of 125154.
2, 3, 17, 409
What are the prime factors of 6880738?
2, 3440369
List the prime factors of 200290.
2, 5, 20029
List the prime factors of 14762.
2, 11, 61
List the prime factors of 1181756.
2, 295439
What are the prime factors of 217064?
2, 43, 631
What are the prime factors of 6941091?
3, 449, 5153
What are the prime factors of 4780954?
2, 2390477
What are the prime factors of 1006627?
439, 2293
List the prime factors of 562752.
2, 3, 977
What are the prime factors of 143546?
2, 13, 5521
List the prime factors of 216998.
2, 108499
What are the prime factors of 54345?
3, 5, 3623
List the prime factors of 170839.
29, 43, 137
List the prime factors of 7590168.
2, 3, 271, 389
What are the prime factors of 19700252?
2, 11, 13, 31, 101
What are the prime factors of 183064?
2, 7, 467
What are the prime factors of 470546?
2, 235273
List the prime factors of 924527.
924527
List the prime factors of 377529.
3, 61, 2063
List the prime factors of 3912963.
3, 1304321
List the prime factors of 16360248.
2, 3, 681677
What are the prime factors of 86150?
2, 5, 1723
What are the prime factors of 3113210?
2, 5, 17, 18313
What are the prime factors of 630692?
2, 29, 5437
List the prime factors of 3180904.
2, 17, 19, 1231
List the prime factors of 193010.
2, 5, 19301
What are the prime factors of 293901?
3, 97967
What are the prime factors of 671307?
3, 7, 13, 2459
What are the prime factors of 17010?
2, 3, 5, 7
List the prime factors of 10313694.
2, 3, 19, 53, 569
What are the prime factors of 504062?
2, 13, 19387
List the prime factors of 1420761.
3, 31, 1